{"id":122,"date":"2018-01-31T13:16:09","date_gmt":"2018-01-31T13:16:09","guid":{"rendered":"https:\/\/wplive.site\/wp\/md\/optima\/?page_id=122"},"modified":"2023-05-09T12:15:05","modified_gmt":"2023-05-09T12:15:05","slug":"about-me","status":"publish","type":"page","link":"https:\/\/heahearetreat.com\/index.php\/about-me\/","title":{"rendered":"About Us"},"content":{"rendered":"[vc_row][vc_column width=&#8221;1\/2&#8243;][vc_custom_heading text=&#8221;Name\/ Pronunciation: (h\u0113&#8217;\u0103-h\u0113\u2019-a)&#8221; font_container=&#8221;tag:h2|font_size:14|text_align:center&#8221; google_fonts=&#8221;font_family:Lato%3A100%2C100italic%2C300%2C300italic%2Cregular%2Citalic%2C700%2C700italic%2C900%2C900italic|font_style:700%20bold%20regular%3A700%3Anormal&#8221;][vc_custom_heading text=&#8221;HeaHea is born from the essence of <span> Healing and Health<\/span>&#8221; font_container=&#8221;tag:h2|font_size:36|text_align:center|color:%2342474c|line_height:1.5&#8243; google_fonts=&#8221;font_family:Lato%3A100%2C100italic%2C300%2C300italic%2Cregular%2Citalic%2C700%2C700italic%2C900%2C900italic|font_style:300%20light%20regular%3A300%3Anormal&#8221;][gt3_spacing height=&#8221;17px&#8221;][vc_separator color=&#8221;custom&#8221; el_width=&#8221;75px&#8221; accent_color=&#8221;#d9e0e4&#8243;][gt3_spacing height=&#8221;30px&#8221;][gt3_custom_text text_color=&#8221;#727e85&#8243; font_size=&#8221;18&#8243; line_height=&#8221;160&#8243; use_theme_fonts=&#8221;&#8221; google_fonts_text=&#8221;font_family:Lato%3A100%2C100italic%2C300%2C300italic%2Cregular%2Citalic%2C700%2C700italic%2C900%2C900italic|font_style:300%20light%20regular%3A300%3Anormal&#8221;]HeaHea Symbol combines the pillars of Healing and Health to represent a Holistic-Integrative approach to Health Care delivered in retreat environment for cultivating optimal wellbeing and longevity.[\/gt3_custom_text][\/vc_column][vc_column width=&#8221;1\/2&#8243;][vc_single_image image=&#8221;1649&#8243; img_size=&#8221;full&#8221; style=&#8221;vc_box_shadow_border_circle&#8221; css_animation=&#8221;bounceIn&#8221;][vc_empty_space height=&#8221;5vh&#8221;][\/vc_column][\/vc_row][vc_row][vc_column][vc_empty_space height=&#8221;8vh&#8221;][vc_custom_heading text=&#8221;&#8221; font_container=&#8221;tag:h2|font_size:14|text_align:center&#8221; google_fonts=&#8221;font_family:Lato%3A100%2C100italic%2C300%2C300italic%2Cregular%2Citalic%2C700%2C700italic%2C900%2C900italic|font_style:700%20bold%20regular%3A700%3Anormal&#8221;][vc_custom_heading text=&#8221;Why <span> Choose Us <\/span>?&#8221; font_container=&#8221;tag:h2|font_size:36|text_align:center|color:%2342474c|line_height:1.5&#8243; google_fonts=&#8221;font_family:Lato%3A100%2C100italic%2C300%2C300italic%2Cregular%2Citalic%2C700%2C700italic%2C900%2C900italic|font_style:300%20light%20regular%3A300%3Anormal&#8221;][vc_empty_space height=&#8221;1.5vh&#8221;][vc_separator color=&#8221;custom&#8221; el_width=&#8221;75px&#8221; accent_color=&#8221;#d9e0e4&#8243;][vc_empty_space height=&#8221;2vh&#8221;][gt3_custom_text text_color=&#8221;#727e85&#8243; font_size=&#8221;18&#8243; use_theme_fonts=&#8221;&#8221; google_fonts_text=&#8221;font_family:Lato%3A100%2C100italic%2C300%2C300italic%2Cregular%2Citalic%2C700%2C700italic%2C900%2C900italic|font_style:300%20light%20regular%3A300%3Anormal&#8221;]\n<p style=\"text-align: center;\"><b><i>There is no better place\u00a0 to receive care then where\u00a0 the team of professionals get you and empower you to become the captain of your own wellbeing and happiness for life. <\/i><\/b><\/p>\n[\/gt3_custom_text][\/vc_column][\/vc_row][vc_row][vc_column][vc_empty_space height=&#8221;10vh&#8221;][gt3_process values=&#8221;%5B%7B%22icon_type%22%3A%22none%22%2C%22proc_icon%22%3A%22fab%20fa-accessible-icon%22%2C%22proc_number%22%3A%22VISION%22%2C%22proc_descr%22%3A%22At%20Healing%20and%20Health%2C%20our%20mission%20is%20to%20provide%20individuals%20struggling%20with%20eating%20disorders%20a%20compassionate%2C%20supportive%20environment%20to%20learn%20how%20to%20understand%2C%20cope%2C%20and%20care%20for%20themselves%2C%20their%20future%2C%20and%20their%20world.%22%7D%2C%7B%22icon_type%22%3A%22none%22%2C%22proc_icon%22%3A%22fab%20fa-accessible-icon%22%2C%22proc_thumb%22%3A%221648%22%2C%22proc_number%22%3A%22MISSION%22%2C%22proc_descr%22%3A%22Our%20vision%20is%20to%20become%20a%20recognized%20leader%20in%20providing%20holistic%2C%20integrated%20services%20for%20adolescents%20and%20youth%2C%20empowering%20them%20to%20achieve%20lasting%20recovery%20and%20wellness.%22%7D%2C%7B%22icon_type%22%3A%22none%22%2C%22proc_icon%22%3A%22fab%20fa-accessible-icon%22%2C%22proc_number%22%3A%22PHILOSOPHY%22%2C%22proc_descr%22%3A%22At%20HeaHea%2C%20we%20believe%20that%20adolescence%20and%20young%20adulthood%20are%20critical%20stages%20of%20life%20that%20demand%20the%20highest%20quality%20of%20individualized%20care%20in%20a%20safe%2C%20supportive%20environment.%20Our%20approach%20empowers%20clients%20to%20take%20control%20of%20their%20own%20health%20and%20healing%2C%20promoting%20lasting%20wellness%20and%20vitality%22%7D%5D&#8221; icon_size=&#8221;regular&#8221; icon_color=&#8221;#8cc540&#8243; number_color=&#8221;#00a69c&#8221; title_size=&#8221;12&#8243;][vc_empty_space height=&#8221;10vh&#8221;][\/vc_column][\/vc_row][vc_row full_width=&#8221;stretch_row&#8221; css=&#8221;.vc_custom_1513853474298{background-color: #f6f8f9 !important;}&#8221;][vc_column][vc_row_inner][vc_column_inner width=&#8221;1\/3&#8243;][vc_empty_space height=&#8221;5.1vh&#8221;][vc_custom_heading text=&#8221;&#8221; font_container=&#8221;tag:h2|font_size:14|text_align:left|color:%235c656d&#8221; google_fonts=&#8221;font_family:Lato%3A100%2C100italic%2C300%2C300italic%2Cregular%2Citalic%2C700%2C700italic%2C900%2C900italic|font_style:700%20bold%20regular%3A700%3Anormal&#8221;][vc_custom_heading text=&#8221;Healing and Health <span>Retreat<\/span>&#8221; font_container=&#8221;tag:h2|font_size:36|text_align:left|color:%2342474c|line_height:1.5&#8243; google_fonts=&#8221;font_family:Lato%3A100%2C100italic%2C300%2C300italic%2Cregular%2Citalic%2C700%2C700italic%2C900%2C900italic|font_style:300%20light%20regular%3A300%3Anormal&#8221;][\/vc_column_inner][vc_column_inner width=&#8221;2\/3&#8243;][vc_empty_space height=&#8221;5vh&#8221;][gt3_custom_text text_color=&#8221;#5c656d&#8221; font_size=&#8221;18&#8243; line_height=&#8221;165&#8243; use_theme_fonts=&#8221;&#8221; google_fonts_text=&#8221;font_family:Lato%3A100%2C100italic%2C300%2C300italic%2Cregular%2Citalic%2C700%2C700italic%2C900%2C900italic|font_style:300%20light%20regular%3A300%3Anormal&#8221;]<b>HeaHea specializes\u00a0 in the treatment of eating disorders, the effects of trauma and\u00a0 depression<\/b><\/p>\n<p>&nbsp;<\/p>\n<p><span style=\"font-weight: 400;\">At HeaHea Retreat, we offer a unique approach to helping individuals impacted by eating disorders. Our name, derived from the words &#8220;Healing&#8221; and &#8220;Health&#8221;, reflects our commitment to promoting holistic wellness and recovery.<\/span><\/p>\n<p>&nbsp;<\/p>\n<p><span style=\"font-weight: 400;\">Nestled on a serene hill in Owego, New York, our retreat center provides an idyllic setting for healing and self-discovery. Our client-centered program is designed around two critical decisions: a small census and a dedicated age group.<\/span><\/p>\n<p>&nbsp;<\/p>\n<p><span style=\"font-weight: 400;\">By limiting our maximum census to 15 clients, we can provide personalized attention to each individual&#8217;s needs, enhance therapeutic interventions, and maintain a flexible program schedule. Our dedicated focus on adolescents allows us to target specific issues that impact their emotional and physical well-being, designing group topics around their common stressors and triggers.<\/span><\/p>\n<p>&nbsp;<\/p>\n<p><span style=\"font-weight: 400;\">Our multidisciplinary team of professionals brings diverse expertise and experience to our youth-centered approach. By empowering our clients to establish daily life changes that safeguard their health and state of mind, we strive to promote lasting wellness and recovery.<\/span>[\/gt3_custom_text][vc_empty_space height=&#8221;6vh&#8221;][\/vc_column_inner][\/vc_row_inner][gt3_spacing height=&#8221;39px&#8221;][\/vc_column][\/vc_row]\n","protected":false},"excerpt":{"rendered":"<p>[vc_row][vc_column width=&#8221;1\/2&#8243;][vc_custom_heading text=&#8221;Name\/ Pronunciation: (h\u0113&#8217;\u0103-h\u0113\u2019-a)&#8221; font_container=&#8221;tag:h2|font_size:14|text_align:center&#8221; google_fonts=&#8221;font_family:Lato%3A100%2C100italic%2C300%2C300italic%2Cregular%2Citalic%2C700%2C700italic%2C900%2C900italic|font_style:700%20bold%20regular%3A700%3Anormal&#8221;][vc_custom_heading text=&#8221;HeaHea is born from the essence of Healing and Health&#8221; font_container=&#8221;tag:h2|font_size:36|text_align:center|color:%2342474c|line_height:1.5&#8243; google_fonts=&#8221;font_family:Lato%3A100%2C100italic%2C300%2C300italic%2Cregular%2Citalic%2C700%2C700italic%2C900%2C900italic|font_style:300%20light%20regular%3A300%3Anormal&#8221;][gt3_spacing height=&#8221;17px&#8221;][vc_separator color=&#8221;custom&#8221; el_width=&#8221;75px&#8221; accent_color=&#8221;#d9e0e4&#8243;][gt3_spacing height=&#8221;30px&#8221;][gt3_custom_text text_color=&#8221;#727e85&#8243; font_size=&#8221;18&#8243; line_height=&#8221;160&#8243; use_theme_fonts=&#8221;&#8221; google_fonts_text=&#8221;font_family:Lato%3A100%2C100italic%2C300%2C300italic%2Cregular%2Citalic%2C700%2C700italic%2C900%2C900italic|font_style:300%20light%20regular%3A300%3Anormal&#8221;]HeaHea Symbol combines the pillars of Healing and Health to represent a Holistic-Integrative approach to Health Care delivered in retreat environment for cultivating optimal wellbeing and longevity.[\/gt3_custom_text][\/vc_column][vc_column width=&#8221;1\/2&#8243;][vc_single_image image=&#8221;1649&#8243; img_size=&#8221;full&#8221; style=&#8221;vc_box_shadow_border_circle&#8221; css_animation=&#8221;bounceIn&#8221;][vc_empty_space height=&#8221;5vh&#8221;][\/vc_column][\/vc_row][vc_row][vc_column][vc_empty_space height=&#8221;8vh&#8221;][vc_custom_heading text=&#8221;&#8221; font_container=&#8221;tag:h2|font_size:14|text_align:center&#8221; google_fonts=&#8221;font_family:Lato%3A100%2C100italic%2C300%2C300italic%2Cregular%2Citalic%2C700%2C700italic%2C900%2C900italic|font_style:700%20bold%20regular%3A700%3Anormal&#8221;][vc_custom_heading text=&#8221;Why Choose Us ?&#8221; font_container=&#8221;tag:h2|font_size:36|text_align:center|color:%2342474c|line_height:1.5&#8243; google_fonts=&#8221;font_family:Lato%3A100%2C100italic%2C300%2C300italic%2Cregular%2Citalic%2C700%2C700italic%2C900%2C900italic|font_style:300%20light%20regular%3A300%3Anormal&#8221;][vc_empty_space height=&#8221;1.5vh&#8221;][vc_separator color=&#8221;custom&#8221; el_width=&#8221;75px&#8221; accent_color=&#8221;#d9e0e4&#8243;][vc_empty_space height=&#8221;2vh&#8221;][gt3_custom_text text_color=&#8221;#727e85&#8243; font_size=&#8221;18&#8243; use_theme_fonts=&#8221;&#8221; google_fonts_text=&#8221;font_family:Lato%3A100%2C100italic%2C300%2C300italic%2Cregular%2Citalic%2C700%2C700italic%2C900%2C900italic|font_style:300%20light%20regular%3A300%3Anormal&#8221;] There is no better place\u00a0 to receive care then where\u00a0 the team of professionals get you and empower you to become the captain of your own wellbeing and happiness for life. [\/gt3_custom_text][\/vc_column][\/vc_row][vc_row][vc_column][vc_empty_space height=&#8221;10vh&#8221;][gt3_process values=&#8221;%5B%7B%22icon_type%22%3A%22none%22%2C%22proc_icon%22%3A%22fab%20fa-accessible-icon%22%2C%22proc_number%22%3A%22VISION%22%2C%22proc_descr%22%3A%22At%20Healing%20and%20Health%2C%20our%20mission%20is%20to%20provide%20individuals%20struggling%20with%20eating%20disorders%20a%20compassionate%2C%20supportive%20environment%20to%20learn%20how%20to%20understand%2C%20cope%2C%20and%20care%20for%20themselves%2C%20their%20future%2C%20and%20their%20world.%22%7D%2C%7B%22icon_type%22%3A%22none%22%2C%22proc_icon%22%3A%22fab%20fa-accessible-icon%22%2C%22proc_thumb%22%3A%221648%22%2C%22proc_number%22%3A%22MISSION%22%2C%22proc_descr%22%3A%22Our%20vision%20is%20to%20become%20a%20recognized%20leader%20in%20providing%20holistic%2C%20integrated%20services%20for%20adolescents%20and%20youth%2C%20empowering%20them%20to%20achieve%20lasting%20recovery%20and%20wellness.%22%7D%2C%7B%22icon_type%22%3A%22none%22%2C%22proc_icon%22%3A%22fab%20fa-accessible-icon%22%2C%22proc_number%22%3A%22PHILOSOPHY%22%2C%22proc_descr%22%3A%22At%20HeaHea%2C%20we%20believe%20that%20adolescence%20and%20young%20adulthood%20are%20critical%20stages%20of%20life%20that%20demand%20the%20highest%20quality%20of%20individualized%20care%20in%20a%20safe%2C%20supportive%20environment.%20Our%20approach%20empowers%20clients%20to%20take%20control%20of%20their%20own%20health%20and%20healing%2C%20promoting%20lasting%20wellness%20and%20vitality%22%7D%5D&#8221; icon_size=&#8221;regular&#8221; icon_color=&#8221;#8cc540&#8243; number_color=&#8221;#00a69c&#8221; title_size=&#8221;12&#8243;][vc_empty_space height=&#8221;10vh&#8221;][\/vc_column][\/vc_row][vc_row full_width=&#8221;stretch_row&#8221; css=&#8221;.vc_custom_1513853474298{background-color: #f6f8f9 !important;}&#8221;][vc_column][vc_row_inner][vc_column_inner width=&#8221;1\/3&#8243;][vc_empty_space height=&#8221;5.1vh&#8221;][vc_custom_heading text=&#8221;&#8221; font_container=&#8221;tag:h2|font_size:14|text_align:left|color:%235c656d&#8221; google_fonts=&#8221;font_family:Lato%3A100%2C100italic%2C300%2C300italic%2Cregular%2Citalic%2C700%2C700italic%2C900%2C900italic|font_style:700%20bold%20regular%3A700%3Anormal&#8221;][vc_custom_heading text=&#8221;Healing and Health Retreat&#8221; font_container=&#8221;tag:h2|font_size:36|text_align:left|color:%2342474c|line_height:1.5&#8243; google_fonts=&#8221;font_family:Lato%3A100%2C100italic%2C300%2C300italic%2Cregular%2Citalic%2C700%2C700italic%2C900%2C900italic|font_style:300%20light%20regular%3A300%3Anormal&#8221;][\/vc_column_inner][vc_column_inner width=&#8221;2\/3&#8243;][vc_empty_space height=&#8221;5vh&#8221;][gt3_custom_text text_color=&#8221;#5c656d&#8221; font_size=&#8221;18&#8243; line_height=&#8221;165&#8243; use_theme_fonts=&#8221;&#8221; google_fonts_text=&#8221;font_family:Lato%3A100%2C100italic%2C300%2C300italic%2Cregular%2Citalic%2C700%2C700italic%2C900%2C900italic|font_style:300%20light%20regular%3A300%3Anormal&#8221;]HeaHea specializes\u00a0 in the treatment of eating disorders, the effects of trauma and\u00a0 depression &nbsp; At HeaHea Retreat, we offer a unique approach to helping individuals impacted by eating disorders. Our name, derived from the words &#8220;Healing&#8221; and &#8220;Health&#8221;, reflects our commitment to promoting holistic wellness and recovery. &nbsp; Nestled on a serene hill in Owego, New York, our retreat center provides an idyllic setting for healing and self-discovery. Our client-centered program is designed around two critical decisions: a small census and a dedicated age group. &nbsp; By limiting our maximum census to 15 clients, we can provide personalized attention to each individual&#8217;s needs, enhance therapeutic interventions, and maintain a flexible program schedule. Our dedicated focus on adolescents allows us to target specific issues that impact their emotional and physical well-being, designing group topics around their common stressors and triggers. &nbsp; Our multidisciplinary team of professionals brings diverse expertise and experience to our youth-centered approach. By empowering our clients to establish daily life changes that safeguard their health and state of mind, we strive to promote lasting wellness and recovery.[\/gt3_custom_text][vc_empty_space height=&#8221;6vh&#8221;][\/vc_column_inner][\/vc_row_inner][gt3_spacing height=&#8221;39px&#8221;][\/vc_column][\/vc_row]<\/p>\n","protected":false},"author":1,"featured_media":0,"parent":0,"menu_order":0,"comment_status":"closed","ping_status":"closed","template":"","meta":{"_eb_attr":"","om_disable_all_campaigns":false,"footnotes":""},"class_list":["post-122","page","type-page","status-publish","hentry"],"aioseo_notices":[],"_links":{"self":[{"href":"https:\/\/heahearetreat.com\/index.php\/wp-json\/wp\/v2\/pages\/122","targetHints":{"allow":["GET"]}}],"collection":[{"href":"https:\/\/heahearetreat.com\/index.php\/wp-json\/wp\/v2\/pages"}],"about":[{"href":"https:\/\/heahearetreat.com\/index.php\/wp-json\/wp\/v2\/types\/page"}],"author":[{"embeddable":true,"href":"https:\/\/heahearetreat.com\/index.php\/wp-json\/wp\/v2\/users\/1"}],"replies":[{"embeddable":true,"href":"https:\/\/heahearetreat.com\/index.php\/wp-json\/wp\/v2\/comments?post=122"}],"version-history":[{"count":25,"href":"https:\/\/heahearetreat.com\/index.php\/wp-json\/wp\/v2\/pages\/122\/revisions"}],"predecessor-version":[{"id":1658,"href":"https:\/\/heahearetreat.com\/index.php\/wp-json\/wp\/v2\/pages\/122\/revisions\/1658"}],"wp:attachment":[{"href":"https:\/\/heahearetreat.com\/index.php\/wp-json\/wp\/v2\/media?parent=122"}],"curies":[{"name":"wp","href":"https:\/\/api.w.org\/{rel}","templated":true}]}}